2 a factor of 5318328?
False
Is 702 a factor of 6358275?
False
Is 38307114 a multiple of 311?
True
Does 1268 divide 309139668?
True
Is 172 a factor of 126501945?
False
Is 1455 a factor of 21787521?
False
Does 7 divide 1287731957?
False
Does 1301 divide 19805123?
True
Is 42113629 a multiple of 28?
False
Is 207 a factor of 160064406?
True
Does 898 divide 40479761?
False
Is 135838570 a multiple of 106?
False
Is 12 a factor of 378319704?
True
Is 192587310 a multiple of 9?
True
Is 2088087 a multiple of 4?
False
Is 32636494 a multiple of 1296?
False
Is 60 a factor of 2549674331?
False
Does 823 divide 269567066?
True
Is 1503 a factor of 83748819?
False
Does 221 divide 807472701?
False
Is 123 a factor of 52326272?
False
Is 2923 a factor of 543873841?
True
Does 120 divide 209972836?
False
Is 59 a factor of 3380899?
False
Is 142 a factor of 68083746?
True
Does 123 divide 20839275?
True
Is 94 a factor of 1209722284?
True
Is 36 a factor of 332498145?
False
Is 27 a factor of 9990856?
False
Is 1359 a factor of 1788366537?
True
Is 34113792 a multiple of 192?
True
Does 47 divide 12147828?
False
Is 3302694 a multiple of 18?
True
Is 972 a factor of 17513645?
False
Is 6 a factor of 1286369674?
False
Is 1565 a factor of 319641426?
False
Is 383 a factor of 413445053?
True
Is 17 a factor of 6962367?
True
Is 207423278 a multiple of 1454?
True
Is 1338586440 a multiple of 305?
True
Is 67 a factor of 1526299446?
False
Does 16 divide 88974336?
True
Does 34 divide 866804500?
True
Does 189 divide 173172195?
True
Is 303491412 a multiple of 68?
True
Does 164 divide 87838369?
False
Is 818 a factor of 10315624?
False
Is 10 a factor of 70625275?
False
Does 330 divide 8127536?
False
Is 29 a factor of 47668605?
True
Does 131 divide 90892630?
False
Is 3807824 a multiple of 1438?
True
Does 971 divide 96746556?
True
Does 438 divide 4040087?
False
Is 9 a factor of 141341011?
False
Is 44324091 a multiple of 27?
True
Does 59 divide 78511986?
False
Is 469 a factor of 1134983283?
True
Is 997 a factor of 746801853?
True
Is 9676 a factor of 3640402998?
False
Is 44273860 a multiple of 83?
True
Does 30 divide 189078?
False
Is 780 a factor of 13326557?
False
Is 2277 a factor of 697479255?
True
Is 1727854576 a multiple of 23?
True
Does 4 divide 339764068?
True
Is 745 a factor of 13172345?
True
Is 1062314160 a multiple of 19?
False
Is 902695 a multiple of 2?
False
Is 43 a factor of 43356642?
True
Does 3050 divide 41437798?
False
Does 4 divide 41638836?
True
Does 1915 divide 1863052914?
False
Is 19 a factor of 520124886?
True
Does 3775 divide 304754889?
False
Does 20 divide 3185281172?
False
Is 11513044 a multiple of 593?
False
Does 523 divide 241243981?
False
Is 7908850 a multiple of 46?
False
Does 17 divide 49507638?
True
Is 77 a factor of 28824150?
False
Is 9468890 a multiple of 5?
True
Is 708 a factor of 16090200?
False
Is 148 a factor of 372051380?
False
Is 75191993 a multiple of 3?
False
Does 8 divide 46522571?
False
Does 12 divide 349601672?
False
Does 12 divide 5429298?
False
Does 19 divide 25968725?
True
Does 84 divide 2052232560?
True
Is 80 a factor of 164361760?
True
Does 2399 divide 328142417?
True
Is 30 a factor of 952853989?
False
Is 235190625 a multiple of 75?
True
Does 239 divide 25593554?
True
Is 1530515578 a multiple of 59?
True
Does 50 divide 133633881?
False
Is 7704450 a multiple of 54?
True
Is 5 a factor of 59565894?
False
Is 80 a factor of 216282074?
False
Is 3346500164 a multiple of 292?
True
Does 210 divide 18167311?
False
Does 11 divide 121932228?
True
Is 35 a factor of 2694748420?
True
Is 430978831 a multiple of 369?
False
Does 337 divide 94994282?
False
Is 280 a factor of 7671446?
False
Is 232 a factor of 19966384?
True
Is 142964001 a multiple of 2011?
True
Is 13 a factor of 15478671?
True
Is 226641378 a multiple of 1002?
True
Is 30814056 a multiple of 504?
True
Does 560 divide 516431649?
False
Is 2090939088 a multiple of 124?
True
Does 133 divide 262084746?
True
Is 419899802 a multiple of 131?
True
Does 52 divide 209942964?
False
Is 1435228764 a multiple of 114?
True
Does 3314 divide 346901573?
False
Does 1234 divide 583494432?
True
Does 25 divide 397621327?
False
Is 18 a factor of 1301087160?
True
Is 113 a factor of 24436846?
False
Does 418 divide 88695846?
False
Is 12486780 a multiple of 180?
True
Does 2 divide 36663989?
False
Is 16425662 a multiple of 7?
False
Does 125 divide 9105280?
False
Does 60 divide 292633080?
True
Is 558324680 a multiple of 59?
False
Is 5540 a factor of 283911432?
False
Is 8 a factor of 145606768?
True
Is 31 a factor of 507508223?
True
Does 1602 divide 34952433?
False
Is 2467 a factor of 14429483?
True
Is 117 a factor of 71530524?
True
Is 1178 a factor of 860108730?
False
Does 46 divide 27849642?
True
Is 8543377 a multiple of 89?
True
Is 120816392 a multiple of 29?
False
Is 3 a factor of 2788993?
False
Is 156511110 a multiple of 185?
True
Is 18673438 a multiple of 17?
False
Is 2585 a factor of 95147700?
False
Is 11507328 a multiple of 42?
True
Is 36767601 a multiple of 113?
True
Is 22 a factor of 236210442?
False
Is 436 a factor of 2836180?
True
Does 153 divide 368023293?
True
Is 4045251 a multiple of 21?
True
Is 273 a factor of 6486491957?
False
Is 18 a factor of 569120310?
True
Is 1220 a factor of 147125900?
True
Is 2858904975 a multiple of 3560?
False
Does 44 divide 1063351400?
False
Is 680 a factor of 100848080?
True
Is 6012 a factor of 88122039?
False
Does 667 divide 4689093?
False
Does 225 divide 341920650?
False
Is 3 a factor of 3879157?
False
Is 78 a factor of 23477871?
False
Does 1132 divide 88700124?
True
Does 10 divide 63095230?
True
Is 4436 a factor of 279703038?
False
Is 4179 a factor of 286503473?
False
Is 424198368 a multiple of 3516?
True
Is 80 a factor of 491983262?
False
Is 74 a factor of 3955289?
False
Is 3 a factor of 14783409?
True
Is 164 a factor of 18224992?
True
Is 579959569 a multiple of 973?
True
Does 2070 divide 141777638?
False
Does 342 divide 1385948502?
True
Is 509 a factor of 10215121?
True
Is 59937240 a multiple of 34?
True
Is 105 a factor of 709065?
True
Does 12 divide 25276356?
True
Is 73697862 a multiple of 42?
True
Does 2211 divide 34347885?
True
Is 962416360 a multiple of 10?
True
Does 6553 divide 1249808813?
False
Is 41 a factor of 704503?
True
Is 1119894944 a multiple of 2405?
False
Is 48 a factor of 211988038?
False
Is 116010678 a multiple of 6?
True
Is 85 a factor of 107671179?
False
Is 414 a factor of 121629888?
True
Does 62 divide 15112686?
True
Does 826 divide 26309752?
True
Is 13 a factor of 76358412?
True
Does 261 divide 14282703?
True
Is 272 a factor of 389149538?
False
Is 8239 a factor of 1768933831?
False
Does 17 divide 54900350?
False
Is 110 a factor of 176955570?
True
Does 7 divide 531438474?
True
Is 979340927 a multiple of 23?
False
Does 10 divide 142504809?
False
Is 607558680 a multiple of 1340?
True
Is 162772110 a multiple of 126?
False
Does 951 divide 37980282?
False
Does 7 divide 8508720?
False
Is 4946802 a multiple of 19?
True
Does 3127 divide 175305874?
True
Does 36 divide 1092486?
False
Is 7 a factor of 2665815579?
True
Is 16520890 a multiple of 300?
False
Does 19 divide 3471703418?
False
Is 1094 a factor of 1009302823?
False
Is 1691 a factor of 6536544?
False
Does 36 divide 14403600?
True
Is 40078723 a multiple of 3903?
False
Is 572468 a multiple of 218?
True
Does 34 divide 230831134?
True
Is 2349810467 a multiple of 2575?
False
Is 831 a factor of 24285083?
False
Is 9352736 a multiple of 2?
True
Is 58292785 a multiple of 944?
False
Is 742 a factor of 613515719?
False
Is 14 a factor of 9698542?
True
Is 59596956 a multiple of 862?
True
Does 307 divide 6132698?
False
Does 2 divide 5450444?
True
Is 1088 a factor of 95227200?
True
Does 35 divide 8522605?
True
Is 147 a factor of 201400290?
True
Is 6 a factor of 92604700?
False
Does 1822 divide 417321812?
True
Is 64328632 a multiple of 8?
True
Does 12 divide 3839683270?
False
Is 2 a factor of 224830575?
False
Is 5946586 a multiple of 2153?
True
Does 111 divide 17230331?
False
Is 7176519 a multiple of 567?
True
Does 412 divide 160759170?
False
Does 1146 divide 64916316?
True
Is 3 a factor of 12088048?
False
Does 236 divide 51262890?
False
Does 154 divide 293577592?
True
Does 121 divide 1741334378?
False
Is 129891961 a multiple of 19?
